 highest common factor of 6554 and 3616.
226
What is the highest common factor of 4925 and 1600?
25
Calculate the greatest common divisor of 182654 and 4336.
542
Calculate the highest common divisor of 553299 and 255.
51
What is the greatest common divisor of 5 and 2289?
1
What is the greatest common divisor of 3 and 208?
1
What is the greatest common factor of 66 and 235884?
66
Calculate the greatest common divisor of 903 and 184083.
129
Calculate the highest common factor of 285 and 15941.
19
What is the greatest common factor of 3888051 and 186?
93
Calculate the highest common factor of 445 and 614723.
89
Calculate the greatest common divisor of 7138 and 5312.
166
What is the highest common factor of 104 and 10933?
13
Calculate the greatest common divisor of 4015 and 2255.
55
Calculate the greatest common factor of 119 and 37451.
17
What is the highest common factor of 140 and 669284?
28
What is the greatest common factor of 705300 and 600?
300
Calculate the highest common divisor of 8471136 and 96.
96
Calculate the greatest common divisor of 608 and 524.
4
What is the greatest common divisor of 3 and 1099641?
3
Calculate the highest common factor of 33 and 178453.
11
What is the greatest common divisor of 41531 and 49?
7
Calculate the greatest common divisor of 37465 and 109855.
635
Calculate the greatest common divisor of 3850 and 588350.
350
What is the highest common divisor of 88157 and 796?
199
What is the greatest common factor of 234 and 88686?
234
Calculate the highest common factor of 9888 and 24576.
96
Calculate the highest common factor of 18928 and 1859.
169
Calculate the highest common divisor of 216881 and 7.
7
Calculate the highest common factor of 85 and 16881.
17
What is the highest common factor of 836 and 1444?
76
Calculate the greatest common divisor of 57405 and 10320.
645
Calculate the highest common divisor of 35 and 16167235.
35
Calculate the highest common factor of 83 and 97027.
83
Calculate the greatest common factor of 423 and 25290.
9
What is the greatest common divisor of 85462 and 1482?
494
What is the greatest common factor of 708 and 96?
12
What is the highest common factor of 144 and 95922?
18
Calculate the greatest common factor of 4239 and 243.
27
Calculate the greatest common divisor of 880 and 51370.
110
What is the greatest common divisor of 15857 and 505?
101
Calculate the greatest common divisor of 76185 and 72.
9
Calculate the greatest common divisor of 81030 and 180.
30
Calculate the highest common divisor of 1932 and 2016525.
483
Calculate the highest common divisor of 164834 and 146.
146
Calculate the greatest common divisor of 40606 and 2054.
158
What is the greatest common divisor of 63712 and 128?
32
What is the greatest common divisor of 504 and 910?
14
What is the highest common factor of 54 and 10623?
3
What is the greatest common divisor of 139809 and 174?
87
Calculate the greatest common divisor of 154 and 31702.
22
What is the greatest common divisor of 76 and 27778?
38
What is the greatest common divisor of 33177628 and 44?
44
What is the highest common factor of 29020 and 140?
20
What is the greatest common divisor of 215860 and 140?
20
What is the greatest common factor of 12765 and 46920?
345
What is the highest common factor of 1740 and 43080?
60
Calculate the greatest common factor of 66 and 6014976.
66
What is the highest common factor of 96 and 79440?
48
Calculate the highest common divisor of 390984 and 1848.
264
What is the greatest common divisor of 53539 and 296?
37
What is the highest common factor of 2208 and 344?
8
Calculate the greatest common divisor of 155272 and 26.
26
What is the greatest common factor of 575 and 9925?
25
What is the greatest common divisor of 1 and 36523?
1
Calculate the highest common divisor of 672061 and 221.
221
Calculate the greatest common divisor of 11 and 118019.
11
Calculate the highest common divisor of 45 and 12735.
45
Calculate the highest common divisor of 4290 and 1023.
33
Calculate the highest common divisor of 5701911 and 123.
123
What is the greatest common divisor of 13938864 and 48?
48
What is the highest common factor of 36 and 71172?
36
Calculate the greatest common factor of 13515 and 13770.
255
What is the highest common factor of 17264 and 101712?
208
What is the highest common factor of 11742 and 73851?
309
Calculate the highest common factor of 1250033 and 59.
59
What is the greatest common factor of 5075890 and 10?
10
Calculate the greatest common divisor of 481 and 12210.
37
Calculate the highest common factor of 6 and 933642.
6
What is the highest common divisor of 36635 and 33575?
85
Calculate the greatest common factor of 61759 and 302.
151
Calculate the highest common factor of 103 and 187.
1
What is the greatest common divisor of 869 and 17204?
11
Calculate the greatest common divisor of 1312 and 28044.
164
Calculate the greatest common divisor of 873 and 22213.
97
What is the greatest common factor of 40 and 2029200?
40
Calculate the highest common factor of 200 and 7720.
40
Calculate the highest common divisor of 224 and 200432.
16
Calculate the highest common divisor of 8924 and 485.
97
Calculate the highest common factor of 39 and 53443.
13
What is the highest common divisor of 2114 and 7127351?
1057
What is the greatest common divisor of 209 and 12880043?
209
What is the greatest common factor of 1156 and 67524?
68
Calculate the greatest common divisor of 96 and 564.
12
What is the highest common divisor of 218823 and 418?
209
Calculate the highest common divisor of 3679 and 34243.
283
What is the highest common divisor of 103148 and 6748?
964
Calculate the greatest common divisor of 50 and 14400.
50
What is the greatest common factor of 1270413 and 9?
9
Calculate the greatest common divisor of 10515 and 2220.
15
Calculate the greatest common divisor of 3196855 and 5.
5
Calculate the highest common divisor of 153599 and 269.
269
Calculate the greatest common divisor of 378372 and 12.
12
Calculate the highest common factor of 348 and 37497.
87
Calculate the highest common factor of 93943 and 1036.
37
What is the greatest common factor of 11039 and 133?
133
What is the greatest common factor of 968948 and 58?
58
Calculate the highest common factor of 137808 and 3861.
297
Calculate the greatest common factor of 56404 and 10148.
236
What is the highest common divisor of 2176 and 6848?
64
Calculate the greatest common factor of 334656 and 336.
336
What is the highest common factor of 10767 and 3959?
37
What is the highest common divisor of 327710 and 10?
10
Calculate the greatest common divisor of 10 and 2700310.
10
Calculate the highest common factor of 459 and 217431.
27
Calculate the highest common factor of 28660 and 68.
4
What is the highest common factor of 2262 and 10946?
26
What is the greatest common factor of 41990 and 14326?
494
Calculate the greatest common factor of 1125 and 3960.
45
What is the highest common divisor of 428359 and 145?
29
Calculate the highest common factor of 60035 and 5.
5
Calculate the greatest common divisor of 246 and 2805548.
82
Calculate the highest common divisor of 105 and 10745.
35
What is the greatest common divisor of 142482 and 18?
6
What is the highest common factor of 576 and 6684096?
192
Calculate the greatest common factor of 219424 and 32.
32
What is the greatest common factor of 1268837 and 58?
29
Calculate the highest common divisor of 791592 and 48.
24
What is the highest common factor of 1095 and 240?
15
What is the highest common divisor of 214 and 8145268?
214
Calculate the greatest common divisor of 56250 and 8370.
90
Calculate the highest common factor of 48 and 1132920.
24
Calculate the highest common factor of 616 and 37480.
8
Calculate the greatest common divisor of 63360 and 1280.
640
Calculate the highest common divisor of 1935 and 795.
15
Calculate the highest common factor of 1858548 and 366.
366
Calculate the greatest common divisor of 43700 and 2645.
115
Calculate the greatest common factor of 88980 and 40.
20
Calculate the highest common divisor of 17552 and 368.
16
What is the greatest common divisor of 21816 and 11514?
606
Calculate the greatest common factor of 115 and 80270.
115
What is the highest common factor of 20757 and 777?
111
Calculat